{"id":479,"date":"2021-11-30T19:25:33","date_gmt":"2021-11-30T19:25:33","guid":{"rendered":"https:\/\/locacaoferramentas.com.br\/?post_type=product&#038;p=479"},"modified":"2025-04-28T17:36:17","modified_gmt":"2025-04-28T17:36:17","slug":"furadeira-parafusadeira-impacto-1-2-20v-dewalt","status":"publish","type":"product","link":"https:\/\/locacaoferramentas.com.br\/index.php\/product\/furadeira-parafusadeira-impacto-1-2-20v-dewalt\/","title":{"rendered":"FURADEIRA PARAFUSADEIRA IMPACTO 1\/2 20V &#8211; DEWALT"},"content":{"rendered":"<h2 class=\"ui-pdp-title\">Furadeira Parafusadeira Impacto 1\/2 20v &#8211; Dewalt<\/h2>\n<p>&nbsp;<\/p>\n<p>ESPECIFICA\u00c7\u00d5ES:<\/p>\n<p>Mandril: 1\/2&#8243; (13 mm)<\/p>\n<p>Pot\u00eancia m\u00e1xima: 340 UWO<\/p>\n<p>Fun\u00e7\u00e3o de Impacto: Sim<\/p>\n<p>Altura: 177 mm<\/p>\n<p>Comprimento: 160 mm<\/p>\n<p>Peso: 1.1 Kg<\/p>\n<p>Sistema: 20V Max<\/p>\n<p>Aplica\u00e7\u00f5es: 28 mm em Madeira 13 mm em Metal 13 mm em Alvenaria<\/p>\n<p>Fixa\u00e7\u00e3o de parafusos de 8 mm de di\u00e2metro e 120 mm de comprimento em Madeira.<\/p>\n<h4>V\u00eddeo explicativo<\/h4>\n<p>Confira no v\u00eddeo abaixo mais informa\u00e7\u00f5es sobre o equipamento:<\/p>\n<p><iframe loading=\"lazy\" title=\"DEWALT - PARAFUSADEIRA\/FURADEIRA DE IMPACTO 1\/2&quot; (13mm) 20V MAX* XR ATOMIC LI-ION - DCD709D2\" width=\"1220\" height=\"686\" src=\"https:\/\/www.youtube.com\/embed\/V0aoV2ywwys?feature=oembed&#038;enablejsapi=1&#038;origin=https:\/\/locacaoferramentas.com.br\" frameborder=\"0\" allow=\"accelerometer; autoplay; clipboard-write; encrypted-media; gyroscope; picture-in-picture; web-share\" referrerpolicy=\"strict-origin-when-cross-origin\" allowfullscreen><\/iframe><\/p>\n<h4>Imagens adicionais<\/h4>\n<p>&nbsp;<\/p>\n<p>&nbsp;<\/p>\n","protected":false},"excerpt":{"rendered":"<p>A funcionalidade de impacto permite aos usu\u00e1rios realizarem perfura\u00e7\u00f5es em alvenaria<br \/>\nCompacto com apenas 160mm de comprimento, este produto foi desenhado para operar em espa\u00e7os reduzidos<br \/>\nLeve com apenas 1.1 kg<br \/>\nLuz led na base do produto para gerar maior visibilidade<br \/>\nGatilho de velocidade vari\u00e1vel permite maior controle e precis\u00e3o<br \/>\nMotor Brushless (sem escovas de carv\u00e3o) para desempenho superior e maior autonomia<br \/>\nMandril de aperto rapido de 1\/2&#8243; (13mm) oferece mais praticidade e seguran\u00e7a<\/p>\n<h4 style=\"text-align: left;\">Valores:<\/h4>\n<p><strong>Di\u00e1ria<\/strong>: R$ 40,00<br \/>\n<strong>7 dias<\/strong>: R$ 160,00<br \/>\n<strong>15 dias<\/strong>: R$ 250,00<br \/>\n<strong>30 dias<\/strong>: R$ 400,00<\/p>\n","protected":false},"featured_media":482,"template":"","meta":[],"product_cat":[20,33,34],"product_tag":[],"class_list":["post-479","product","type-product","status-publish","has-post-thumbnail","hentry","product_cat-alvenaria","product_cat-equipamentos-a-bateria","product_cat-parafusadeira"],"_links":{"self":[{"href":"https:\/\/locacaoferramentas.com.br\/index.php\/wp-json\/wp\/v2\/product\/479","targetHints":{"allow":["GET"]}}],"collection":[{"href":"https:\/\/locacaoferramentas.com.br\/index.php\/wp-json\/wp\/v2\/product"}],"about":[{"href":"https:\/\/locacaoferramentas.com.br\/index.php\/wp-json\/wp\/v2\/types\/product"}],"version-history":[{"count":3,"href":"https:\/\/locacaoferramentas.com.br\/index.php\/wp-json\/wp\/v2\/product\/479\/revisions"}],"predecessor-version":[{"id":941,"href":"https:\/\/locacaoferramentas.com.br\/index.php\/wp-json\/wp\/v2\/product\/479\/revisions\/941"}],"wp:featuredmedia":[{"embeddable":true,"href":"https:\/\/locacaoferramentas.com.br\/index.php\/wp-json\/wp\/v2\/media\/482"}],"wp:attachment":[{"href":"https:\/\/locacaoferramentas.com.br\/index.php\/wp-json\/wp\/v2\/media?parent=479"}],"wp:term":[{"taxonomy":"product_cat","embeddable":true,"href":"https:\/\/locacaoferramentas.com.br\/index.php\/wp-json\/wp\/v2\/product_cat?post=479"},{"taxonomy":"product_tag","embeddable":true,"href":"https:\/\/locacaoferramentas.com.br\/index.php\/wp-json\/wp\/v2\/product_tag?post=479"}],"curies":[{"name":"wp","href":"https:\/\/api.w.org\/{rel}","templated":true}]}}