{"id":525,"date":"2021-12-04T13:47:02","date_gmt":"2021-12-04T13:47:02","guid":{"rendered":"https:\/\/locacaoferramentas.com.br\/?post_type=product&#038;p=525"},"modified":"2021-12-21T19:42:32","modified_gmt":"2021-12-21T19:42:32","slug":"motor-a-gasolina-7cv-4-tempos-para-vibrador-imersao-e-bomba-submersa-csm","status":"publish","type":"product","link":"https:\/\/locacaoferramentas.com.br\/index.php\/product\/motor-a-gasolina-7cv-4-tempos-para-vibrador-imersao-e-bomba-submersa-csm\/","title":{"rendered":"MOTOR A GASOLINA 7CV 4 TEMPOS PARA VIBRADOR IMERS\u00c3O E BOMBA SUBMERSA- CSM"},"content":{"rendered":"<h2 class=\"ui-pdp-title\">MOTOR A GASOLINA 7CV\/212CC 4 TEMPOS PARA VIBRADOR IMERS\u00c3O E BOMBA SUBMERSA- CSM<\/h2>\n<p>&nbsp;<\/p>\n<p>ESPECIFICA\u00c7\u00d5ES:<\/p>\n<p>Cilindradas: 212cc<\/p>\n<p>Di\u00e2metro e Curso: 70mm x 55mm<\/p>\n<p>Pot\u00eancia M\u00e1x.: 7 hp<\/p>\n<p>Pot\u00eancia Nominal\/RPM: 5,7 hp \/ 3600<\/p>\n<p>Rota\u00e7\u00f5es por Minuto: 3.600rpm<\/p>\n<p>Torque M\u00e1ximo\/RPM: 11Nm \/ 2500<\/p>\n<p>Di\u00e2metro do Eixo: \u00d819,05 (3\/4&#8243;)<\/p>\n<p>Partida: Retr\u00e1til (Manual)<\/p>\n<p>Capacidade de Carter (\u00f3leo): 0,6 Litros<\/p>\n<p>Taxa de Compress\u00e3o: 8,5:1<\/p>\n<p>Tanque de Combust\u00edvel: 3,6 Litros<\/p>\n<p>Peso L\u00edquido: 16 Kg<\/p>\n<p>Dimens\u00f5es: 415mm x 380mm x 390mm<\/p>\n<h4><span style=\"font-size: 14px;\">Confira no v\u00eddeo abaixo mais informa\u00e7\u00f5es sobre o equipamento:<\/span><\/h4>\n<p>&nbsp;<\/p>\n<h4>Imagens adicionais<\/h4>\n<p>&nbsp;<\/p>\n<p>&nbsp;<\/p>\n","protected":false},"excerpt":{"rendered":"<p>O motor CSM LIFAN \u00e9 fabricado com tecnologia de \u00faltima gera\u00e7\u00e3o para melhor satisfazer as necessidades do mercado, sendo um motor vers\u00e1til com m\u00faltiplas aplica\u00e7\u00f5es. Seu baixo custo de aquisi\u00e7\u00e3o aliado ao baixo custo operacional. Podem facilmente ser montados em motobombas, equipamentos para a constru\u00e7\u00e3o civil.<\/p>\n<h4 style=\"text-align: left;\">Valores:<\/h4>\n<p><strong>Di\u00e1ria<\/strong>: R$ 60,00<br \/>\n<strong>7 dias<\/strong>: R$ 170,00<br \/>\n<strong>15 dias<\/strong>: R$ 270,00<br \/>\n<strong>30 dias<\/strong>: R$ 420,00<\/p>\n","protected":false},"featured_media":528,"template":"","meta":[],"product_cat":[20,30,22,36],"product_tag":[],"class_list":["post-525","product","type-product","status-publish","has-post-thumbnail","hentry","product_cat-alvenaria","product_cat-concreto","product_cat-equipamentos-a-combustao","product_cat-motobomba"],"_links":{"self":[{"href":"https:\/\/locacaoferramentas.com.br\/index.php\/wp-json\/wp\/v2\/product\/525","targetHints":{"allow":["GET"]}}],"collection":[{"href":"https:\/\/locacaoferramentas.com.br\/index.php\/wp-json\/wp\/v2\/product"}],"about":[{"href":"https:\/\/locacaoferramentas.com.br\/index.php\/wp-json\/wp\/v2\/types\/product"}],"version-history":[{"count":2,"href":"https:\/\/locacaoferramentas.com.br\/index.php\/wp-json\/wp\/v2\/product\/525\/revisions"}],"predecessor-version":[{"id":632,"href":"https:\/\/locacaoferramentas.com.br\/index.php\/wp-json\/wp\/v2\/product\/525\/revisions\/632"}],"wp:featuredmedia":[{"embeddable":true,"href":"https:\/\/locacaoferramentas.com.br\/index.php\/wp-json\/wp\/v2\/media\/528"}],"wp:attachment":[{"href":"https:\/\/locacaoferramentas.com.br\/index.php\/wp-json\/wp\/v2\/media?parent=525"}],"wp:term":[{"taxonomy":"product_cat","embeddable":true,"href":"https:\/\/locacaoferramentas.com.br\/index.php\/wp-json\/wp\/v2\/product_cat?post=525"},{"taxonomy":"product_tag","embeddable":true,"href":"https:\/\/locacaoferramentas.com.br\/index.php\/wp-json\/wp\/v2\/product_tag?post=525"}],"curies":[{"name":"wp","href":"https:\/\/api.w.org\/{rel}","templated":true}]}}