{"id":569,"date":"2021-12-11T12:13:05","date_gmt":"2021-12-11T12:13:05","guid":{"rendered":"https:\/\/locacaoferramentas.com.br\/?post_type=product&#038;p=569"},"modified":"2025-07-21T17:53:02","modified_gmt":"2025-07-21T17:53:02","slug":"maquinaairlessvonder","status":"publish","type":"product","link":"https:\/\/locacaoferramentas.com.br\/index.php\/product\/maquinaairlessvonder\/","title":{"rendered":"M\u00c1QUINA DE PINTURA AIRLESS 1,2HP MPA 120 &#8211; VONDER"},"content":{"rendered":"<h2 class=\"ui-pdp-title\">M\u00e1quina De Pintura Airless 1,2hp Mpa 120 &#8211; Vonder<\/h2>\n<h2 class=\"ui-pdp-bookmark ui-pdp-bookmark__link-bookmark\"><\/h2>\n<p>ESPECIFICA\u00c7\u00d5ES:<\/p>\n<p>Pot\u00eancia do motor: 1,2 hp \/ 900 W;<\/p>\n<p>Press\u00e3o m\u00e1xima de sa\u00edda (PSI): 3.000 lbf\/pol\u00b2;<\/p>\n<p>Vaz\u00e3o da pistola para pintura: 2,2 Litros\/min;<\/p>\n<p>Bico padr\u00e3o: 517 &#8211; Leque: abertura de 25 cm a 30 cm \/ espessura: 0,43 mm (0,017&#8243;);<\/p>\n<p>Rosca da conex\u00e3o da mangueira: 1\/4&#8243; NPSM;<\/p>\n<p>Comprimento da mangueira: 15 m;<\/p>\n<p>Comprimento do cord\u00e3o el\u00e9trico: 2,50 m;<\/p>\n<p>Comprimento do tubo extensor: 457 mm;<\/p>\n<p>Material do tubo extensor: Alum\u00ednio;<\/p>\n<p>Massa aproximada(Kg): 15,5 kg;<\/p>\n<p>Tens\u00e3o (V): 220 V~ monof\u00e1sico;<\/p>\n<p>Frequ\u00eancia: 50 Hz\/60 Hz;<\/p>\n<h4>V\u00eddeo explicativo<\/h4>\n<p>Confira no v\u00eddeo abaixo mais informa\u00e7\u00f5es sobre o equipamento:<\/p>\n<p><iframe loading=\"lazy\" title=\"M\u00e1quina de Pintura Airless MPA 120 VONDER - Como montar !\" width=\"1220\" height=\"686\" src=\"https:\/\/www.youtube.com\/embed\/lHE9taN2dcM?feature=oembed&#038;enablejsapi=1&#038;origin=https:\/\/locacaoferramentas.com.br\" frameborder=\"0\" allow=\"accelerometer; autoplay; clipboard-write; encrypted-media; gyroscope; picture-in-picture; web-share\" referrerpolicy=\"strict-origin-when-cross-origin\" allowfullscreen><\/iframe><\/p>\n<h4>Imagens adicionais<\/h4>\n<p>&nbsp;<\/p>\n<p>&nbsp;<\/p>\n","protected":false},"excerpt":{"rendered":"<p>Indicada para aplica\u00e7\u00f5es profissionais de tintas \u00e0 base de \u00e1gua.<br \/>\nN\u00e3o indicada para tintas ep\u00f3xi. \u00d3leo indicado para lubrifica\u00e7\u00e3o: \u00f3leo multiuso VONDER ou similar (lubrificar sempre antes do primeiro uso ou a cada 8 horas de trabalho, colocar aproximadamente 10 gotas no compartimento de entrada de \u00f3leo);<br \/>\nPossui pist\u00e3o em a\u00e7o inox, engrenagem usinada e dentes helicoidais, proporcionando maior resist\u00eancia, menor ru\u00eddo e maior transmiss\u00e3o de torque;<br \/>\nEquipamento com excelente produtividade;<\/p>\n<h4 style=\"text-align: left;\">Valores:<\/h4>\n<p><strong>Di\u00e1ria<\/strong>: R$ 150,00<br \/>\n<strong>7 dias<\/strong>: R$ 600,00<br \/>\n<strong>15 dias<\/strong>: R$ 900,00<br \/>\n<strong>30 dias<\/strong>: R$ 1500,00<\/p>\n","protected":false},"featured_media":570,"template":"","meta":[],"product_cat":[20,31,17,32],"product_tag":[],"class_list":["post-569","product","type-product","status-publish","has-post-thumbnail","hentry","product_cat-alvenaria","product_cat-compressores-de-ar","product_cat-equipamentos-eletricos","product_cat-pintura"],"_links":{"self":[{"href":"https:\/\/locacaoferramentas.com.br\/index.php\/wp-json\/wp\/v2\/product\/569","targetHints":{"allow":["GET"]}}],"collection":[{"href":"https:\/\/locacaoferramentas.com.br\/index.php\/wp-json\/wp\/v2\/product"}],"about":[{"href":"https:\/\/locacaoferramentas.com.br\/index.php\/wp-json\/wp\/v2\/types\/product"}],"version-history":[{"count":6,"href":"https:\/\/locacaoferramentas.com.br\/index.php\/wp-json\/wp\/v2\/product\/569\/revisions"}],"predecessor-version":[{"id":951,"href":"https:\/\/locacaoferramentas.com.br\/index.php\/wp-json\/wp\/v2\/product\/569\/revisions\/951"}],"wp:featuredmedia":[{"embeddable":true,"href":"https:\/\/locacaoferramentas.com.br\/index.php\/wp-json\/wp\/v2\/media\/570"}],"wp:attachment":[{"href":"https:\/\/locacaoferramentas.com.br\/index.php\/wp-json\/wp\/v2\/media?parent=569"}],"wp:term":[{"taxonomy":"product_cat","embeddable":true,"href":"https:\/\/locacaoferramentas.com.br\/index.php\/wp-json\/wp\/v2\/product_cat?post=569"},{"taxonomy":"product_tag","embeddable":true,"href":"https:\/\/locacaoferramentas.com.br\/index.php\/wp-json\/wp\/v2\/product_tag?post=569"}],"curies":[{"name":"wp","href":"https:\/\/api.w.org\/{rel}","templated":true}]}}