{"id":659,"date":"2022-01-06T20:10:53","date_gmt":"2022-01-06T20:10:53","guid":{"rendered":"https:\/\/locacaoferramentas.com.br\/?post_type=product&#038;p=659"},"modified":"2025-04-28T17:22:01","modified_gmt":"2025-04-28T17:22:01","slug":"nivel-a-laser-20-metros-nlv020-vonder","status":"publish","type":"product","link":"https:\/\/locacaoferramentas.com.br\/index.php\/product\/nivel-a-laser-20-metros-nlv020-vonder\/","title":{"rendered":"N\u00cdVEL A LASER 20 METROS NLV020 &#8211; VONDER"},"content":{"rendered":"<h2 class=\"ui-pdp-title\">N\u00edvel a Laser 20 Metros Nlv020 &#8211; Vonder<\/h2>\n<p>&nbsp;<\/p>\n<p>ESPECIFICA\u00c7\u00d5ES:<\/p>\n<p>\u00c1rea de trabalho vis\u00edvel do n\u00edvel a laser: 20 m<\/p>\n<p>\u00c1rea de trabalho com receptor do n\u00edvel a laser: N\u00e3o se aplica<\/p>\n<p>Autonivelamento do n\u00edvel a laser: 4<\/p>\n<p>Classe do laser: 2<\/p>\n<p>Pot\u00eancia do laser do n\u00edvel: &lt; 1 mW<\/p>\n<p>Comprimento da onda do laser: 510 nm &#8211; 530 nm<\/p>\n<p>Precis\u00e3o horizontal do n\u00edvel a laser: 0,3 mm\/m<\/p>\n<p>Precis\u00e3o vertical do n\u00edvel a laser: 0,3 mm\/m<\/p>\n<p>Precis\u00e3o do prumo a laser para cima: N\u00e3o se aplica<\/p>\n<p>Precis\u00e3o do prumo para baixo do n\u00edvel a laser: N\u00e3o se aplica<\/p>\n<p>Temperatura de opera\u00e7\u00e3o do n\u00edvel a laser: -10 a 50C<\/p>\n<p>Alimenta\u00e7\u00e3o: 2 pilhas (AA &#8211; alcalinas)<\/p>\n<p>\u00cdndice de prote\u00e7\u00e3o (IP) do n\u00edvel a laser: IP54<\/p>\n<p>Modelo do receptor do n\u00edvel a laser: N\u00e3o se aplica<\/p>\n<h4><\/h4>\n<p>&nbsp;<\/p>\n<h4><\/h4>\n<p>&nbsp;<\/p>\n<p>&nbsp;<\/p>\n","protected":false},"excerpt":{"rendered":"<p>Indicado para nivelamento e esquadro em opera\u00e7\u00f5es que necessitam de precis\u00e3o, proporcionando agilidade ao operador, substituindo opera\u00e7\u00f5es manuais que demandam tempo e possuem pouca precis\u00e3o. Pode ser utilizado em atividades como: coloca\u00e7\u00e3o de cer\u00e2micas, instala\u00e7\u00e3o de tomadas nas paredes, coloca\u00e7\u00e3o de papel de parede, instala\u00e7\u00e3o de m\u00f3veis, entre outros. Cor do laser: verde. Dimens\u00f5es: 75 mm x 65 mm x 76 mm.<\/p>\n<h4 style=\"text-align: left;\">Valores:<\/h4>\n<p><strong>Di\u00e1ria<\/strong>: R$ 30,00<br \/>\n<strong>7 dias<\/strong>: R$ 90,00<br \/>\n<strong>15 dias<\/strong>: R$ 120,00<br \/>\n<strong>30 dias<\/strong>: R$ 180,00<\/p>\n","protected":false},"featured_media":660,"template":"","meta":[],"product_cat":[20,30,33,19,32],"product_tag":[42],"class_list":["post-659","product","type-product","status-publish","has-post-thumbnail","hentry","product_cat-alvenaria","product_cat-concreto","product_cat-equipamentos-a-bateria","product_cat-marcenaria","product_cat-pintura","product_tag-lixacao"],"_links":{"self":[{"href":"https:\/\/locacaoferramentas.com.br\/index.php\/wp-json\/wp\/v2\/product\/659","targetHints":{"allow":["GET"]}}],"collection":[{"href":"https:\/\/locacaoferramentas.com.br\/index.php\/wp-json\/wp\/v2\/product"}],"about":[{"href":"https:\/\/locacaoferramentas.com.br\/index.php\/wp-json\/wp\/v2\/types\/product"}],"version-history":[{"count":3,"href":"https:\/\/locacaoferramentas.com.br\/index.php\/wp-json\/wp\/v2\/product\/659\/revisions"}],"predecessor-version":[{"id":929,"href":"https:\/\/locacaoferramentas.com.br\/index.php\/wp-json\/wp\/v2\/product\/659\/revisions\/929"}],"wp:featuredmedia":[{"embeddable":true,"href":"https:\/\/locacaoferramentas.com.br\/index.php\/wp-json\/wp\/v2\/media\/660"}],"wp:attachment":[{"href":"https:\/\/locacaoferramentas.com.br\/index.php\/wp-json\/wp\/v2\/media?parent=659"}],"wp:term":[{"taxonomy":"product_cat","embeddable":true,"href":"https:\/\/locacaoferramentas.com.br\/index.php\/wp-json\/wp\/v2\/product_cat?post=659"},{"taxonomy":"product_tag","embeddable":true,"href":"https:\/\/locacaoferramentas.com.br\/index.php\/wp-json\/wp\/v2\/product_tag?post=659"}],"curies":[{"name":"wp","href":"https:\/\/api.w.org\/{rel}","templated":true}]}}