{"id":716,"date":"2022-02-14T18:30:13","date_gmt":"2022-02-14T18:30:13","guid":{"rendered":"https:\/\/locacaoferramentas.com.br\/?post_type=product&#038;p=716"},"modified":"2022-02-14T18:30:13","modified_gmt":"2022-02-14T18:30:13","slug":"cortador-de-piso-eletrico-1100w-zapp-1250-g2-cortag","status":"publish","type":"product","link":"https:\/\/locacaoferramentas.com.br\/index.php\/product\/cortador-de-piso-eletrico-1100w-zapp-1250-g2-cortag\/","title":{"rendered":"CORTADOR DE PISO EL\u00c9TRICO 1100W ZAPP 1250 &#8211; CORTAG"},"content":{"rendered":"<h2 class=\"ui-pdp-title\">Cortador De Piso El\u00e9trico 1100w Zapp 1250 G2 Cortag<\/h2>\n<p>ESPECIFICA\u00c7\u00d5ES:<\/p>\n<p>Comprimento m\u00e1ximo de corte 125mm<\/p>\n<p>Tamanho m\u00e1ximo de piso para corte diagonal 87cm x 87cm<\/p>\n<p>Pot\u00eancia: 1100 W<\/p>\n<p>Espessura m\u00e1xima de corte 35mm<\/p>\n<p>Tens\u00e3o 220V<\/p>\n<p>Frequ\u00eancia 60H<\/p>\n<p>Di\u00e2metro do disco 200mm<\/p>\n<p>Peso do produto 67Kg<\/p>\n<p>Mesa de apoio adicional para cortes em pe\u00e7as de grandes formatos<\/p>\n<p>P\u00e9s de apoio com novo sistema de fixa\u00e7\u00e3o e travamento<\/p>\n<p>Bandeja remov\u00edvel confeccionada em a\u00e7o galvanizado com revestimento emborrachado, garantindo melhor apoio para a pe\u00e7a a ser cortada<\/p>\n<p>Rodas para transporte<\/p>\n<p>Al\u00e7a para transporte<\/p>\n<h4>Imagens adicionais<\/h4>\n<p><iframe loading=\"lazy\" title=\"SERA QUE ESTA M\u00c1QUINA da CORTAG ZAP 1250 \u00c9 BOA MESMO? VEJA O V\u00cdDEO e TIRE AS D\u00daVIDAS.\" width=\"1220\" height=\"686\" src=\"https:\/\/www.youtube.com\/embed\/E8dS7ojECzQ?feature=oembed\" frameborder=\"0\" allow=\"accelerometer; autoplay; clipboard-write; encrypted-media; gyroscope; picture-in-picture\" allowfullscreen><\/iframe><\/p>\n<p>&nbsp;<\/p>\n<p>&nbsp;<\/p>\n","protected":false},"excerpt":{"rendered":"<p>A M\u00e1quina cortadora de piso com bancada ZAPP 1250 G2 da Cortag possui 1100 Watts de pot\u00eancia e faz parte da nova gera\u00e7\u00e3o de cortador eletrico de bancada projetado e remodelado para para cortes em \u00e2ngulos de 90\u00ba e 45\u00ba e realizar chanfros em 45\u00ba, indicada para revestimento ceramicos , porcelanatos , marmores, granitos, e pedras naturais, com superficies lisas, asperas ou em relevo com espessura de 3,5mm e comprimento at\u00e9 1,25 m. &#8211; sistema de refrigera\u00e7\u00e3o do disco de corte com reservatorio de agua e bomba d\u00b4agua de alta vaz\u00e3o.<br \/>\nBarra de encosto regulavel para a execu\u00e7\u00e3o de cortes precisos em angulos retos 90\u00ba ou na diagonal 45\u00ba.<\/p>\n<h4>Valores:<\/h4>\n<p><strong>Di\u00e1ria<\/strong>: R$ 60,00<br \/>\n<strong>7 dias<\/strong>: R$ 240,00<br \/>\n<strong>15 dias<\/strong>: R$ 400,00<br \/>\n<strong>30 dias<\/strong>: R$ 600,00<\/p>\n","protected":false},"featured_media":717,"template":"","meta":[],"product_cat":[37,17],"product_tag":[],"class_list":["post-716","product","type-product","status-publish","has-post-thumbnail","hentry","product_cat-cortadora-de-piso","product_cat-equipamentos-eletricos"],"_links":{"self":[{"href":"https:\/\/locacaoferramentas.com.br\/index.php\/wp-json\/wp\/v2\/product\/716","targetHints":{"allow":["GET"]}}],"collection":[{"href":"https:\/\/locacaoferramentas.com.br\/index.php\/wp-json\/wp\/v2\/product"}],"about":[{"href":"https:\/\/locacaoferramentas.com.br\/index.php\/wp-json\/wp\/v2\/types\/product"}],"version-history":[{"count":1,"href":"https:\/\/locacaoferramentas.com.br\/index.php\/wp-json\/wp\/v2\/product\/716\/revisions"}],"predecessor-version":[{"id":721,"href":"https:\/\/locacaoferramentas.com.br\/index.php\/wp-json\/wp\/v2\/product\/716\/revisions\/721"}],"wp:featuredmedia":[{"embeddable":true,"href":"https:\/\/locacaoferramentas.com.br\/index.php\/wp-json\/wp\/v2\/media\/717"}],"wp:attachment":[{"href":"https:\/\/locacaoferramentas.com.br\/index.php\/wp-json\/wp\/v2\/media?parent=716"}],"wp:term":[{"taxonomy":"product_cat","embeddable":true,"href":"https:\/\/locacaoferramentas.com.br\/index.php\/wp-json\/wp\/v2\/product_cat?post=716"},{"taxonomy":"product_tag","embeddable":true,"href":"https:\/\/locacaoferramentas.com.br\/index.php\/wp-json\/wp\/v2\/product_tag?post=716"}],"curies":[{"name":"wp","href":"https:\/\/api.w.org\/{rel}","templated":true}]}}