{"id":732,"date":"2022-03-11T12:03:00","date_gmt":"2022-03-11T12:03:00","guid":{"rendered":"https:\/\/locacaoferramentas.com.br\/?post_type=product&#038;p=732"},"modified":"2022-08-18T16:51:53","modified_gmt":"2022-08-18T16:51:53","slug":"jogo-de-rodizio-emborrachado-giratorio-para-andaime-com-freio-colson","status":"publish","type":"product","link":"https:\/\/locacaoferramentas.com.br\/index.php\/product\/jogo-de-rodizio-emborrachado-giratorio-para-andaime-com-freio-colson\/","title":{"rendered":"JOGO DE ROD\u00cdZIO EMBORRACHADO GIRAT\u00d3RIO PARA ANDAIME COM FREIO &#8211; COLSON"},"content":{"rendered":"<h2 class=\"ui-pdp-title\">Jogo de Rod\u00edzio Emborrachado Girat\u00f3rio Para Andaime Com Freio &#8211; Colson<\/h2>\n<p>&nbsp;<\/p>\n<p>ESPECIFICA\u00c7\u00d5ES:<\/p>\n<p>Banda de borracha com alta qualidade na cor preta.<\/p>\n<p>Rolamento 6203 com bucha redutora de \u00bd\u201d.<\/p>\n<p>Capacidade de peso: 225 kg.<\/p>\n<p>N\u00facleo de ferro fundido.<\/p>\n<p>Rod\u00edzio girat\u00f3rio 6&#215;2\u201d.<\/p>\n<p>Espiga Lisa com freio.<\/p>\n<p>Rolamento de rolete.<\/p>\n<p>Peso: 4kg (cada)<\/p>\n","protected":false},"excerpt":{"rendered":"<p>N\u00e3o deve ser utilizado em piso de terra, areia ou em contato com solventes, \u00e1lcool e \u00e1gua.<br \/>\nDesenvolvido para utiliza\u00e7\u00e3o em andaimes at\u00e9 225 kg por roda.<br \/>\nUtiliza\u00e7\u00e3o em pisos: Concreto, Asfalto, Metal e Madeira.<br \/>\nApresenta boa qualidade para tra\u00e7\u00e3o mec\u00e2nica.<br \/>\nRod\u00edzio em conformidade com a norma NBR 6494 e NR 18.<br \/>\nRod\u00edzio Para Andaime 6&#215;2 Com Trava 225kg.<\/p>\n<h4 style=\"text-align: left;\">Valores:<\/h4>\n<p><strong>Di\u00e1ria<\/strong>: R$ 20,00<br \/>\n<strong>7 dias<\/strong>: R$ 40,00<br \/>\n<strong>15 dias<\/strong>: R$ 60,00<br \/>\n<strong>30 dias<\/strong>: R$ 80,00<\/p>\n","protected":false},"featured_media":823,"template":"","meta":[],"product_cat":[20,28,30,32],"product_tag":[],"class_list":["post-732","product","type-product","status-publish","has-post-thumbnail","hentry","product_cat-alvenaria","product_cat-andaimes","product_cat-concreto","product_cat-pintura"],"_links":{"self":[{"href":"https:\/\/locacaoferramentas.com.br\/index.php\/wp-json\/wp\/v2\/product\/732","targetHints":{"allow":["GET"]}}],"collection":[{"href":"https:\/\/locacaoferramentas.com.br\/index.php\/wp-json\/wp\/v2\/product"}],"about":[{"href":"https:\/\/locacaoferramentas.com.br\/index.php\/wp-json\/wp\/v2\/types\/product"}],"version-history":[{"count":1,"href":"https:\/\/locacaoferramentas.com.br\/index.php\/wp-json\/wp\/v2\/product\/732\/revisions"}],"predecessor-version":[{"id":739,"href":"https:\/\/locacaoferramentas.com.br\/index.php\/wp-json\/wp\/v2\/product\/732\/revisions\/739"}],"wp:featuredmedia":[{"embeddable":true,"href":"https:\/\/locacaoferramentas.com.br\/index.php\/wp-json\/wp\/v2\/media\/823"}],"wp:attachment":[{"href":"https:\/\/locacaoferramentas.com.br\/index.php\/wp-json\/wp\/v2\/media?parent=732"}],"wp:term":[{"taxonomy":"product_cat","embeddable":true,"href":"https:\/\/locacaoferramentas.com.br\/index.php\/wp-json\/wp\/v2\/product_cat?post=732"},{"taxonomy":"product_tag","embeddable":true,"href":"https:\/\/locacaoferramentas.com.br\/index.php\/wp-json\/wp\/v2\/product_tag?post=732"}],"curies":[{"name":"wp","href":"https:\/\/api.w.org\/{rel}","templated":true}]}}