{"id":753,"date":"2022-04-04T17:50:48","date_gmt":"2022-04-04T17:50:48","guid":{"rendered":"https:\/\/locacaoferramentas.com.br\/?post_type=product&#038;p=753"},"modified":"2026-01-05T20:45:54","modified_gmt":"2026-01-05T20:45:54","slug":"aparador-de-cerca-viva-ht700-700w-lamina-51cm-trapp","status":"publish","type":"product","link":"https:\/\/locacaoferramentas.com.br\/index.php\/product\/aparador-de-cerca-viva-ht700-700w-lamina-51cm-trapp\/","title":{"rendered":"APARADOR DE CERCA VIVA HT700 700W LAMINA 51CM -TRAPP"},"content":{"rendered":"<h2 class=\"ui-pdp-title\">Aparador Cortador De Cerca Viva 700w &#8211; Trapp<\/h2>\n<h2 class=\"ui-pdp-bookmark ui-pdp-bookmark__link-bookmark\"><\/h2>\n<p>ESPECIFICA\u00c7\u00d5ES:<\/p>\n<p>Modelo: HT-700<\/p>\n<p>Pot\u00eancia: 700 W<\/p>\n<p>Motor: Monof\u00e1sico<\/p>\n<p>Tipo: Universal<\/p>\n<p>Velocidade de l\u00e2mina: 3500 Golpes por minuto<\/p>\n<p>Di\u00e2metro m\u00e1ximo de corte: 18 mm<\/p>\n<p>Comprimento da l\u00e2mina: 51 cm<\/p>\n<p>Rota\u00e7\u00e3o: 10500 Rpm<\/p>\n<p>&nbsp;<\/p>\n<h4>V\u00eddeo explicativo<\/h4>\n<p>Confira no v\u00eddeo abaixo mais informa\u00e7\u00f5es sobre o equipamento:<\/p>\n<p><iframe loading=\"lazy\" title=\"Aparador de Cerca Viva TRAPP HT 700 - \u00d3timo para pequenos servi\u00e7os.\" width=\"1220\" height=\"686\" src=\"https:\/\/www.youtube.com\/embed\/eRXQ3MSqei8?feature=oembed&#038;enablejsapi=1&#038;origin=https:\/\/locacaoferramentas.com.br\" frameborder=\"0\" allow=\"accelerometer; autoplay; clipboard-write; encrypted-media; gyroscope; picture-in-picture; web-share\" referrerpolicy=\"strict-origin-when-cross-origin\" allowfullscreen><\/iframe><\/p>\n<h4>Imagens adicionais<\/h4>\n<p>&nbsp;<\/p>\n<p>&nbsp;<\/p>\n","protected":false},"excerpt":{"rendered":"<p>Uma exclusividade cuidar do gramado de jardins, canteiros e quintais costuma ser uma tarefa trabalhosa e demorada.<br \/>\nFoi pensando nisso, que a Trapp desenvolveu o Aparador de Cerca Viva El\u00e9trico, simples, f\u00e1cil e r\u00e1pido de usar, e recomendada para aparar cercas vivas, sebes e arbustos.<br \/>\nPossui sistema de prote\u00e7\u00e3o ao usu\u00e1rio, podendo ser acionado somente com as duas m\u00e3os, conta ainda com trava para extens\u00e3o el\u00e9trica e l\u00e2minas afi\u00e1veis. \u00c9 muita qualidade e praticidade para voc\u00ea.<br \/>\n&#8211; Possui sistema de prote\u00e7\u00e3o ao usu\u00e1rio, podendo ser acionado somente com as duas m\u00e3os;<br \/>\n&#8211; Trava para extens\u00e3o el\u00e9trica;<br \/>\n&#8211; L\u00e2minas afi\u00e1veis.<\/p>\n<h4>Valores:<\/h4>\n<p><strong>Di\u00e1ria<\/strong>: R$ 40,00<br \/>\n<strong>7 dias<\/strong>: R$ 160,00<br \/>\n<strong>15 dias<\/strong>: R$ 240,00<br \/>\n<strong>30 dias<\/strong>: R$ 400,00<\/p>\n","protected":false},"featured_media":754,"template":"","meta":[],"product_cat":[17,27,44],"product_tag":[49,50,51,45],"class_list":["post-753","product","type-product","status-publish","has-post-thumbnail","hentry","product_cat-equipamentos-eletricos","product_cat-jardinagem","product_cat-limpeza","product_tag-aparador","product_tag-cerca-viva","product_tag-jardinagem","product_tag-poda"],"_links":{"self":[{"href":"https:\/\/locacaoferramentas.com.br\/index.php\/wp-json\/wp\/v2\/product\/753","targetHints":{"allow":["GET"]}}],"collection":[{"href":"https:\/\/locacaoferramentas.com.br\/index.php\/wp-json\/wp\/v2\/product"}],"about":[{"href":"https:\/\/locacaoferramentas.com.br\/index.php\/wp-json\/wp\/v2\/types\/product"}],"version-history":[{"count":2,"href":"https:\/\/locacaoferramentas.com.br\/index.php\/wp-json\/wp\/v2\/product\/753\/revisions"}],"predecessor-version":[{"id":960,"href":"https:\/\/locacaoferramentas.com.br\/index.php\/wp-json\/wp\/v2\/product\/753\/revisions\/960"}],"wp:featuredmedia":[{"embeddable":true,"href":"https:\/\/locacaoferramentas.com.br\/index.php\/wp-json\/wp\/v2\/media\/754"}],"wp:attachment":[{"href":"https:\/\/locacaoferramentas.com.br\/index.php\/wp-json\/wp\/v2\/media?parent=753"}],"wp:term":[{"taxonomy":"product_cat","embeddable":true,"href":"https:\/\/locacaoferramentas.com.br\/index.php\/wp-json\/wp\/v2\/product_cat?post=753"},{"taxonomy":"product_tag","embeddable":true,"href":"https:\/\/locacaoferramentas.com.br\/index.php\/wp-json\/wp\/v2\/product_tag?post=753"}],"curies":[{"name":"wp","href":"https:\/\/api.w.org\/{rel}","templated":true}]}}