{"id":788,"date":"2022-07-05T13:23:12","date_gmt":"2022-07-05T13:23:12","guid":{"rendered":"https:\/\/locacaoferramentas.com.br\/?post_type=product&#038;p=788"},"modified":"2025-04-28T17:12:29","modified_gmt":"2025-04-28T17:12:29","slug":"carrinho-para-transporte-de-carga-150-kg","status":"publish","type":"product","link":"https:\/\/locacaoferramentas.com.br\/index.php\/product\/carrinho-para-transporte-de-carga-150-kg\/","title":{"rendered":"CARRINHO PARA TRANSPORTE DE CARGA 150 KG"},"content":{"rendered":"<h2 class=\"ui-pdp-title\">Carrinho Para Transporte de Carga 150 kg<\/h2>\n<p>&nbsp;<\/p>\n<p>ESPECIFICA\u00c7\u00d5ES:<\/p>\n<p>Capacidade de carga do carrinho para transporte: 150 kg<\/p>\n<p>Tamanho da roda do carrinho para transporte: 3,25&#8243; x 8&#8243;<\/p>\n<p>Tipo da roda do carrinho para transporte: Pneu com c\u00e2mara de ar<\/p>\n<p>Material do aro do carrinho para transporte: Met\u00e1lico<\/p>\n<p>Comprimento total do carrinho para transporte: 71,0 cm<\/p>\n<p>Largura total do carrinho para transporte: 55,0 cm<\/p>\n<p>Altura do carrinho para transporte: 119,0 cm<\/p>\n<p>Medidas da base do carrinho para transporte (C x L): 30 cm x 36 cm<\/p>\n<p>Material da estrutura do carrinho para transporte: Met\u00e1lica<\/p>\n<h4><\/h4>\n<p>&nbsp;<\/p>\n<h4><\/h4>\n<p>&nbsp;<\/p>\n<p>&nbsp;<\/p>\n","protected":false},"excerpt":{"rendered":"<p>Maior praticidade e menos esfor\u00e7o!<br \/>\nCom o carrinho para transporte de carga voc\u00ea dispensa esfor\u00e7os desnecess\u00e1rios tornando o transporte de materiais muito mais f\u00e1cil, r\u00e1pido e eficaz.<br \/>\nEle conta com roda em ferro, capacidade de 150kg de carga, estrutura refor\u00e7ada, bra\u00e7os resistentes, excelente estabilidade e ainda \u00f3timo acabamento que garante maior durabilidade ao carrinho.<\/p>\n<h4 style=\"text-align: left;\">Valores:<\/h4>\n<p><strong>Di\u00e1ria<\/strong>: R$ 25,00<br \/>\n<strong>7 dias<\/strong>: R$ 100,00<br \/>\n<strong>15 dias<\/strong>: R$ 175,00<br \/>\n<strong>30 dias<\/strong>: R$ 250,00<\/p>\n","protected":false},"featured_media":818,"template":"","meta":[],"product_cat":[44],"product_tag":[],"class_list":["post-788","product","type-product","status-publish","has-post-thumbnail","hentry","product_cat-limpeza"],"_links":{"self":[{"href":"https:\/\/locacaoferramentas.com.br\/index.php\/wp-json\/wp\/v2\/product\/788","targetHints":{"allow":["GET"]}}],"collection":[{"href":"https:\/\/locacaoferramentas.com.br\/index.php\/wp-json\/wp\/v2\/product"}],"about":[{"href":"https:\/\/locacaoferramentas.com.br\/index.php\/wp-json\/wp\/v2\/types\/product"}],"version-history":[{"count":3,"href":"https:\/\/locacaoferramentas.com.br\/index.php\/wp-json\/wp\/v2\/product\/788\/revisions"}],"predecessor-version":[{"id":922,"href":"https:\/\/locacaoferramentas.com.br\/index.php\/wp-json\/wp\/v2\/product\/788\/revisions\/922"}],"wp:featuredmedia":[{"embeddable":true,"href":"https:\/\/locacaoferramentas.com.br\/index.php\/wp-json\/wp\/v2\/media\/818"}],"wp:attachment":[{"href":"https:\/\/locacaoferramentas.com.br\/index.php\/wp-json\/wp\/v2\/media?parent=788"}],"wp:term":[{"taxonomy":"product_cat","embeddable":true,"href":"https:\/\/locacaoferramentas.com.br\/index.php\/wp-json\/wp\/v2\/product_cat?post=788"},{"taxonomy":"product_tag","embeddable":true,"href":"https:\/\/locacaoferramentas.com.br\/index.php\/wp-json\/wp\/v2\/product_tag?post=788"}],"curies":[{"name":"wp","href":"https:\/\/api.w.org\/{rel}","templated":true}]}}